et w = h + 4. Let j = -183 + 236. What is the remainder when j is divided by w?
17
Let k(y) = -y**2 + 7*y - 7. Let j be k(7). Let b(r) = r**2 + 3*r + 2. Calculate the remainder when 118 is divided by b(j).
28
Suppose -5*b = 2*v + 188, 5*b = b - 5*v - 164. Calculate the remainder when 34 is divided by (-16)/6*b/8.
10
Suppose 6*c = 3*c - 6. Calculate the remainder when 17 is divided by (-1)/((-57)/27 - c).
8
Let y = -24 + 20. Calculate the remainder when (-675)/(-12) + 1/y is divided by 20.
16
Suppose -4*w = 3 + 13, w = 4*h - 32. Calculate the remainder when 18 is divided by h.
4
Suppose -g - 9 = -49. Calculate the remainder when 77 is divided by g.
37
Suppose 41*v - 37*v - 720 = 0. Calculate the remainder when v is divided by 13.
11
Suppose -2*i = i - 159. What is the remainder when i is divided by 19?
15
Suppose 12*h - 126 = 6*h. Calculate the remainder when h is divided by 4.
1
Let g = -152 + 263. Calculate the remainder when g is divided by 38.
35
Let f(h) = -4*h - 3. What is the remainder when 9 is divided by f(-2)?
4
Suppose y = 6*y - 90. What is the remainder when (((-120)/(-9))/(-4))/((-4)/42) is divided by y?
17
Let s = -44 + 47. Calculate the remainder when 24 is divided by s.
0
Let o be 0 + (-1)/((-2)/(-6)). What is the remainder when 30 is divided by 0 + (o + 2 - -17)?
14
Let u(h) = h + 5. Let d be u(-5). Suppose -g - 4*g + 30 = d. Let f = -1 + g. Calculate the remainder when f is divided by 3.
2
Suppose 0 = 3*i - 8*i + 50. Let y be (-3)/(-30)*-4*-5. What is the remainder when (1/y)/(3/108) is divided by i?
8
Suppose -3*z - 62 = -5*r, -4*r + 0*z = z - 36. What is the remainder when r is divided by 7?
3
Let o be ((-4)/6)/(10/(-45)). Suppose 0 = o*c + c - 100. What is the remainder when c is divided by 7?
4
Suppose -113 = -3*u - 4*q, u - 2*q - 10 - 31 = 0. What is the remainder when u is divided by 14?
11
Let u be 172 + (-2 - (-2 + 1)). Suppose 5*y - 59 = u. Calculate the remainder when y is divided by (-10)/3*(-24)/5.
14
Let l(k) = -k**2 - k - 1. Let a(h) = h**3 - 2*h**2 + 16*h - 3. Let q(c) = a(c) + 6*l(c). Let p = 18 + -11. Calculate the remainder when 23 is divided by q(p).
11
Let r be (2 - -5) + -1 - 1. Suppose t - r*y - 69 = -y, -2*y = 4*t - 312. Let b = t - 54. Calculate the remainder when b is divided by 12.
11
Let t(q) = -q - 3. Calculate the remainder when 3 is divided by t(-4).
0
What is the remainder when (-7 + 6)/(1/(-17)) is divided by 9?
8
Suppose 4*b - 5 - 11 = 0. Let o be -8 - 16/(-4) - -52. Suppose b*z = -0*z + o. What is the remainder when 35 is divided by z?
11
Suppose 5*f - 11*f + 198 = 0. What is the remainder when f is divided by 3?
0
Let n(s) = 3*s**3 + 30*s**2 + 34*s - 16. Let r(v) = v**3 + 10*v**2 + 11*v - 5. Let j(l) = 2*n(l) - 7*r(l). What is the remainder when 7 is divided by j(-9)?
1
Suppose 10*h - 326 = 164. What is the remainder when 97 is divided by h?
48
Suppose -28 - 16 = -3*t + 5*n, 5*t - 2*n = 67. What is the remainder when 37 is divided by t?
11
Suppose 3*n = 47 + 16. Calculate the remainder when n is divided by 11.
10
Suppose 3*b - 126 = 3*w, -3*w - 140 - 29 = -4*b. Calculate the remainder when b is divided by 18 + -1 + (1 - 3).
13
Suppose -40 = -2*n + 2*y, 4*y = -2*n + y + 55. Suppose 0 = z + 3*t + 9, 4*t = -3*z - 0*z - 2. Calculate the remainder when n is divided by z.
5
What is the remainder when (-4 + 15/(-6))*-2 is divided by 8?
5
Let z be -4*((-37)/(-4) + 2). Suppose 0*m - 240 = 3*m. Let f = z - m. What is the remainder when f is divided by 12?
11
Let j = 6 + -2. Suppose 0*c - 10 = -2*y + 3*c, 4*y = -j*c. Calculate the remainder when 8 is divided by y.
0
Let i(l) = l**3 - 13*l**2 + 12*l + 5. Let b be i(12). Let k(n) = n + 5. What is the remainder when 16 is divided by k(b)?
6
Let t be 0/(2 - 2 - 1). Let h = t + -1. Let r = 3 - h. What is the remainder when 11 is divided by r?
3
Let k(g) = -g**3 + 10*g + 18. Calculate the remainder when k(-5) is divided by 12.
9
Suppose -3*b - 543 = -3*i, 3*i + 2*i - 3*b = 899. Let z = 115 + -77. What is the remainder when z is divided by i/14 + (-4)/(-14)?
12
Let l be (3 - (-76)/(-6))*-3. Suppose t + 5*b = -2*t + l, 2*t + 10 = 4*b. Suppose 0 = 2*w - t*w + 13. Calculate the remainder when w is divided by 5.
3
Calculate the remainder when 24 is divided by 5/10*(-40)/(-4).
4
Let w(p) = -3*p**3 + 3*p**2 - 5*p - 7. Let r(o) = o**3 + o + 1. Let d(h) = -6*r(h) - w(h). What is the remainder when d(-2) is divided by 8?
7
Suppose -4*v = -9*v - 2*c + 95, 0 = -3*v + 3*c + 57. What is the remainder when v is divided by 7?
5
Suppose -3*p + 67 = -5*y, -2*p + 0*p = -3*y - 43. Suppose -4*h = -2*b + 96, -4*h - 220 = -5*b + h. Calculate the remainder when b is divided by p.
12
Let i be ((-6)/9)/(2/(-12)). Suppose 0 = -0*v + 4*v + 5*t - 44, 4*v - 5*t - i = 0. Let z = -5 - -15. What is the remainder when z is divided by v?
4
Let t = -4 - -2. Let x be (-70)/t + -2 + 0. Suppose 0 = -0*v - 5*v - 4*h + 87, 0 = -3*v + 4*h + x. What is the remainder when v is divided by 9?
6
Suppose -2*i + 30 = 2*p - 6*p, 3*p = i - 10. Calculate the remainder when 70 is divided by i.
20
What is the remainder when 73 is divided by 19/((6 + -5)/(-1 - -2))?
16
Suppose -7*f + 4*f + 4*z = -328, 5*f = -4*z + 568. Calculate the remainder when f is divided by 29.
25
Suppose 3*q = 47 + 31. Suppose 4*m + 13 = 69. What is the remainder when q is divided by m?
12
Let k = -55 + 73. What is the remainder when k is divided by 12?
6
Suppose 3*m + 4*m = 7. Let o(q) = -q**2 - 7*q - 4. Suppose -8 = 5*v + 22. What is the remainder when o(v) is divided by m?
0
Let z(b) = 12*b**3 - 2*b + 1. Let v be z(1). Let r = 22 - v. Let h(u) = u**2 + 15*u - 44. Calculate the remainder when h(-19) is divided by r.
10
Let c = 5 - 3. Suppose c*a - 10 = a. Suppose 0 = 5*s + 4*w - w - 24, 0 = -s - w + 4. Calculate the remainder when a is divided by s.
4
Let g(j) = -52*j - 2. Calculate the remainder when g(-2) is divided by 26.
24
Let a(q) = q**2 - 5*q + 10. What is the remainder when 41 is divided by a(6)?
9
Let v(g) = -6*g**2 - 2*g + 7. Let x be v(5). Let c = x + 222. What is the remainder when c is divided by 35?
34
Suppose -77 = -q + 61. Calculate the remainder when 19 is divided by (-4)/(-10) - q/(-30).
4
Suppose -b - 3*b + 12 = 0. Suppose 6 = -0*n + 3*n - 3*m, -b*m = -n + 2. Calculate the remainder when 8 is divided by n + -2 - 2 - -7.
3
Let l = 13 + -8. Suppose -3*q = l*f - 1 - 24, 26 = 2*q + f. Calculate the remainder when 28 is divided by q.
13
Let p = 20 + -2. What is the remainder when 68 is divided by p?
14
Let n(w) = 2*w**2 + 5*w - 4. Calculate the remainder when n(-4) is divided by (5/(-2))/(2/(-4)).
3
Suppose 556 = 4*f + 3*h + 60, 5*f - 620 = 2*h. What is the remainder when (f/(-10))/(4/(-10)) is divided by 11?
9
Let q(w) = -w + 20. What is the remainder when 31 is divided by q(12)?
7
Suppose 0 = 4*n - 3*c - 37, n + 3*c - 12 = -2*n. Suppose 0 = 4*i - 9 - n. Suppose -i*o - 4 = -5*o. Calculate the remainder when 11 is divided by o.
3
Let i be (3/(-15) + -1)*5. Let n(w) = w**3 + 5*w**2 - 7*w + 1. Suppose 1 = 5*d - 19. What is the remainder when n(i) is divided by d?
3
Let b = -16 - -14. Calculate the remainder when 9 is divided by 4 + -1 - 4/b.
4
Suppose 2*u + 5*n - 18 = 0, 4*u - 6*n = -2*n + 8. Let y = 2 - 2. Suppose -u*l + 92 = -y*l. What is the remainder when l is divided by 8?
7
Suppose 0 = 4*c + 20, 0*i - 271 = -2*i - 3*c. What is the remainder when i is divided by 24?
23
Let g(n) be the second derivative of 0 - 1/20*n**5 + 2/3*n**3 + 2*n**2 - 2*n + 1/4*n**4. Calculate the remainder when 6 is divided by g(4).
2
Suppose -11*f = -8*f. Suppose f = -2*n + 31 - 9. What is the remainder when 41 is divided by n?
8
Let z(r) = r**3 - 2*r**2 + 2*r - 1. Let q be z(1). Let t be (0 - (1 - q)) + 8. Let l = -3 + t. What is the remainder when 10 is divided by l?
2
Calculate the remainder when (-7)/(35/(-310)) + 1 is divided by 11.
8
Let f(u) = -u**2 - 10*u + 11. Suppose -l - 62 = -2*p, 6*p + 4*l = 2*p + 100. Calculate the remainder when p is divided by f(-10).
7
Suppose 67 = 2*h - a + 15, 4*h - 98 = 5*a. What is the remainder when 78 is divided by h?
24
Suppose h - 2*h = -4*u - 53, 3*u - 95 = -2*h. Calculate the remainder when h is divided by 13.
10
Suppose 0 = -4*w + 32 + 24. Calculate the remainder when 123 is divided by w.
11
Let y